0 = -t - 36*q + 31*q + 4665, -14013 = -3*t + 3*q. List the prime factors of t.
2, 5, 467
Let u(c) = 875*c**2 + 17*c + 102. What are the prime factors of u(-6)?
2, 3, 5, 7
Let c be (-17688)/22 + (-21)/(-3). Let p = c + 1601. List the prime factors of p.
2, 3, 67
Let l be 848/72 - ((-11)/9 + 1). List the prime factors of 8/((-9)/((-486)/l)).
2, 3
Let u = 13842 - 3642. What are the prime factors of u?
2, 3, 5, 17
Let y be 0 - (-3 - 4 - -5). Suppose -y*p + 2 = -5*p + 5*b, 5*p = 5*b + 10. List the prime factors of (16/p)/8*60.
2, 5
Suppose 185*h - 186*h = 7, 5*b + h = 69008. List the prime factors of b.
3, 43, 107
Suppose m + 654 = -3*o, -2*o - 26 = -m + 405. Let l = -17 - o. What are the prime factors of l?
2, 5
List the prime factors of (-24)/(-456) + (-721389)/(-57).
2, 7, 113
Let n(d) = d**3 + 16*d**2 + 4*d - 32. Suppose 14 - 23 = f. List the prime factors of n(f).
499
Let l be (-8)/(-24)*3 - 576. Let a = -364 - l. List the prime factors of a.
211
Let m(i) = 473*i**3 - 2*i**2 + 3*i + 8. What are the prime factors of m(2)?
2, 5, 379
Let j = 53915 - 36282. List the prime factors of j.
7, 11, 229
Let l(g) = -g**3 + g**2 + 7*g + 10. Let q be l(-2). Suppose 8 = q*h - 40. What are the prime factors of h?
2, 3
Suppose 5*y + 2*c = -2*c + 885, -3*c = 4*y - 709. Let x = -126 + y. Suppose 0 = -4*l - 3*m + x + 401, m = -4. What are the prime factors of l?
3, 13
List the prime factors of 1*12/10*((-340542)/(-54) - -7).
2, 947
Let m = 4901 - 360. List the prime factors of m.
19, 239
Let w(m) = 44*m**3 - 13*m**2 - 44*m + 248. List the prime factors of w(6).
2, 5, 11, 41
Let s be (19/95)/(((-2)/(-15))/2). Let j(m) = -m + 6. Let a be j(6). Suppose a = 2*v + s*v - 495. What are the prime factors of v?
3, 11
Suppose 60 - 18 = -7*r. Let s be ((-4 + -4)/4 - r)*-1. What are the prime factors of ((-15)/9 - -3)*(-114)/s?
2, 19
Suppose -4*h = -8, 5*p - 5*h - 367740 = -124340. What are the prime factors of p?
2, 101, 241
Suppose d = 3*l + 145, 2*d - 269 = -10*l + 9*l. List the prime factors of d.
2, 17
Let l(x) = -6 + 24*x - x + x + 11*x. What are the prime factors of l(2)?
2
Let p = -59388 + 83147. List the prime factors of p.
23, 1033
Suppose 1960*d - 1958*d - 14336 = -r, -5*d - 2*r = -35840. What are the prime factors of d?
2, 7
Suppose -12*w + 4*w + 16 = 0. List the prime factors of w*(-5)/30 - 5900/(-15).
3, 131
Suppose -298 - 1037 = 15*z. Let q = 343 + z. What are the prime factors of q?
2, 127
Suppose -8*i + 17*a = -4*i - 1299, -4*i - 3*a = -1319. List the prime factors of i.
7, 47
Suppose 4*z - 68 + 12 = 0. Suppose -57 = -z*t + 11*t. What are the prime factors of t + 0 + 0/(-2)?
19
Let m = 152 + -46. Let u = -5061 + 5066. Let n = m + u. What are the prime factors of n?
3, 37
Suppose 680*u - 666*u = 84826. What are the prime factors of u?
73, 83
Let y = 43925 + -30524. List the prime factors of y.
3, 1489
Suppose -16*b - 109 - 25 = 938. Suppose -2*z - 400 = -v + 3*v, -980 = 5*z + v. Let r = b - z. What are the prime factors of r?
2
List the prime factors of ((-36)/(-14))/(105/228830).
2, 3, 467
Let s(x) = -5*x**2 + 34*x - 1. Let j = 7 - -20. Let h = -21 + j. List the prime factors of s(h).
23
What are the prime factors of 1/(5 - (7 - (-67014)/(-33506)))?
11, 1523
Suppose -36*x = 16*x - 71*x + 328073. What are the prime factors of x?
31, 557
Let z(k) = -k**3 + 9*k**2 - 8*k - 38. Let c be z(7). Suppose -c*t + 4752 = 3*y, 39*y - 35*y = -3*t + 3571. List the prime factors of t.
3, 5, 79
Let i be ((-143)/3)/((-1)/(-3)). Let c = -257 - -493. Let t = c + i. List the prime factors of t.
3, 31
Let c(h) be the first derivative of -h**4/4 + 19*h**3/3 + 11*h**2/2 + h + 5782. Let i(u) = -4*u + 3. Let j be i(-4). List the prime factors of c(j).
2, 3, 5, 7
Suppose 20 = 226*k - 227*k. Let f = k + 96. What are the prime factors of f?
2, 19
Let s = -6718 + 21843. List the prime factors of s.
5, 11
Let h = 113 + -111. Suppose 5*w = -h*u + 396, -w + 778 = 4*u + 2*w. What are the prime factors of u?
193
Suppose -2*n - 15 = 5*p, -p + 12 = -n - 5*p. Suppose -2*g - 10*g + 7992 = n. What are the prime factors of g?
2, 3, 37
Let o(b) = 590*b + 3. Let d be o(3). Suppose -3*k + d = -1206. List the prime factors of k.
3, 331
Let h = -327 - -329. Suppose 0 = -h*n + n + 59. What are the prime factors of n?
59
Let c(o) = -17981*o - 85. What are the prime factors of c(-1)?
2, 2237
Suppose 0 = -y + f - 5, y - 5 = -3*y - f. Suppose o + 5*z + y*z = 574, -4*o - 4*z = -2376. Suppose -6*h + 445 = -o. What are the prime factors of h?
2, 3, 29
Suppose 0 = -387*b + 470*b - 1072111. What are the prime factors of b?
12917
Let z = -2787 - -4816. Suppose -z - 243 = -32*v. List the prime factors of v.
71
Suppose -5*n = -32*n + 4158. Let z = 187 - n. List the prime factors of z.
3, 11
Let a = 127 - -26. Let w be a - ((-6)/(-4) + 21/(-14)). Suppose -5*p + w = 5*r - 257, -r - 88 = -p. What are the prime factors of p?
5, 17
Let w(c) = -4575*c**3 - 54*c**2 - 121*c - 9. What are the prime factors of w(-2)?
7, 5231
Suppose 3*x - 2*x = h, 0 = -3*h - 5*x. Suppose 4*u + 8*m = 5*m + 5470, -2*u - 4*m + 2730 = h. List the prime factors of u.
37
Let b(v) be the second derivative of v**4/12 - 3*v**3/2 - 53*v**2/2 + 4757*v. Suppose -6 = 2*f + z + 8, -3*f = 2*z + 20. List the prime factors of b(f).
83
Let r(c) = -426*c + 62. What are the prime factors of r(-52)?
2, 29, 383
Let m = 78 + -12. Let s(u) = -5*u - 3. Let o be s(-1). Suppose o*p - 106 = m. List the prime factors of p.
2, 43
Let p be 5*1/10*0. Suppose p = 12*k - 6*k - 6906. List the prime factors of k.
1151
Let q be (-660976)/(-136) - (-4)/(-34). Suppose -4*g - 3*x + q = g, 0 = -x + 5. List the prime factors of g.
3, 17, 19
What are the prime factors of 1060*(6 + 22/(-4))?
2, 5, 53
What are the prime factors of (-8 + 465/60)*1*-21136?
2, 1321
What are the prime factors of 3247 + 19 - (-2 - -3)?
5, 653
Suppose 7*a + 1521 = -1076. Let m = a - -856. What are the prime factors of m?
5, 97
Suppose -10*k - 14 = -24. Let b(o) = 100*o**3 - 7*o**2 + 7*o - 1. List the prime factors of b(k).
3, 11
Suppose 5*g - 5457 = -m, -2*m = -2 - 2. Suppose 0 = 3*i + 353 - g. Suppose 5*x - i - 4 = 0. List the prime factors of x.
2, 5
Suppose -v = -2*x + 11, -5*x - 4*v - 3 = 2. Suppose 0 = x*m - 211 - 329. What are the prime factors of (m/8)/9*26?
5, 13
Let f(z) = 1867*z**2 - 33*z + 21. List the prime factors of f(-3).
3, 5641
Let q = 45 - 43. Let k be -1*3*-2 - q. List the prime factors of -3 + 216/k + 1.
2, 13
Let q(r) = 4*r**2 + 49*r + 2469. What are the prime factors of q(-74)?
20747
Suppose -213*u + 214*u + 57 = 0. List the prime factors of (46 - 1)*(-893)/u.
3, 5, 47
Let m = 94 - 86. Let q(w) = 30*w - 54. List the prime factors of q(m).
2, 3, 31
Suppose -3*t - 7*t + 30 = 0. Suppose t*q + 1241 = -5*s + 3041, 3*s - 2984 = -5*q. What are the prime factors of q?
5, 7, 17
Let t = -7 + -3. Let c be t/4*(-22)/55. Suppose -543 = -3*s - 3*u, -5*u - 4 = c. List the prime factors of s.
2, 7, 13
Suppose 15170 = -3*i - 2*i - 5*g, -6076 = 2*i - 2*g. What are the prime factors of i/(-42) + 2/(-7)?
2, 3
Suppose 7*m - 317 = 621. Let f(b) = 3*b + 2. Let h be f(-4). Let v = m + h. List the prime factors of v.
2, 31
Suppose -22*j + 19*j + 2*g = -20183, 0 = 2*j - 3*g - 13447. List the prime factors of j.
53, 127
Let c = 36921 - 24112. List the prime factors of c.
12809
Suppose i + w = -0*w + 11, -5*i + 4*w = -55. Suppose 14*x = i*x + 3336. Suppose -x = -5*l - 297. What are the prime factors of l?
163
Let k be ((-160)/12)/(2/(-6)). Suppose 0 = k*b - 45*b + 4160. List the prime factors of b.
2, 13
Suppose -19 + 3 = 4*q. Let x be 3/(-2)*q/3. Suppose -8*h + 960 = x*h. List the prime factors of h.
2, 3
Let z = 34213 + -9656. List the prime factors of z.
13, 1889
Let v = -7072 + 10055. Suppose 4*s - 2391 = 3*u, -v = -5*s - 8*u + 6*u. List the prime factors of s.
3, 199
Let l(n) be the second derivative of -3*n**5/20 + n**4/12 - n**3/2 + 31*n. Let j be l(3). Let h = 79 - j. List the prime factors of h.
2, 5
Suppose -447 = -z - u + 403, -3408 = -4*z - 2*u. Let r = -504 + z. List the prime factors of r.
2, 5, 7
Suppose 5*z + 3*o - 24298 = 0, -6*o + 14604 = -14*z + 17*z. What are the prime factors of z?
2, 607
Let l(z) = 288*z + 374. List the prime factors of l(10).
2, 1627
Suppose -64*x + 190*x = -89*x + 34593